at is the tens digit of 803875659?
5
What is the ten millions digit of 50708785?
5
What is the millions digit of 35025964?
5
What is the hundreds digit of 306116042?
0
What is the thousands digit of 187138370?
8
What is the ten thousands digit of 191258199?
5
What is the millions digit of 1003201113?
3
What is the millions digit of 111811989?
1
What is the ten thousands digit of 368484475?
8
What is the ten millions digit of 33708954?
3
What is the tens digit of 873749982?
8
What is the tens digit of 62325151?
5
What is the units digit of 79425423?
3
What is the hundreds digit of 5931916037?
0
What is the ten millions digit of 143315159?
4
What is the hundred thousands digit of 219873173?
8
What is the hundred millions digit of 627304600?
6
What is the hundred thousands digit of 50948454?
9
What is the units digit of 63158370?
0
What is the ten millions digit of 55007270?
5
What is the tens digit of 5902483?
8
What is the tens digit of 20698408?
0
What is the hundreds digit of 970808048?
0
What is the ten millions digit of 441396930?
4
What is the tens digit of 27346493?
9
What is the millions digit of 2950827832?
0
What is the hundred thousands digit of 66483001?
4
What is the thousands digit of 676563507?
3
What is the ten thousands digit of 120961894?
6
What is the ten thousands digit of 1334019710?
1
What is the ten millions digit of 251961514?
5
What is the ten millions digit of 3845376001?
4
What is the ten millions digit of 1096797445?
9
What is the ten millions digit of 80607390?
8
What is the thousands digit of 4455149728?
9
What is the hundred millions digit of 2033219665?
0
What is the units digit of 872202?
2
What is the hundred millions digit of 563737320?
5
What is the millions digit of 194282661?
4
What is the units digit of 2106920?
0
What is the hundreds digit of 55938478?
4
What is the ten thousands digit of 21969711?
6
What is the hundred thousands digit of 207899016?
8
What is the tens digit of 211111691?
9
What is the hundred thousands digit of 3823714818?
7
What is the ten thousands digit of 71515508?
1
What is the hundreds digit of 164828993?
9
What is the millions digit of 74528068?
4
What is the thousands digit of 2618811?
8
What is the hundred millions digit of 5521980989?
5
What is the millions digit of 7603403976?
3
What is the hundred millions digit of 135445082?
1
What is the hundreds digit of 107369018?
0
What is the ten thousands digit of 243582231?
8
What is the hundred thousands digit of 43660363?
6
What is the units digit of 54520653?
3
What is the hundred thousands digit of 10469383?
4
What is the ten millions digit of 378937024?
7
What is the ten millions digit of 17827485?
1
What is the billions digit of 1524843735?
1
What is the tens digit of 30720968?
6
What is the millions digit of 5072401628?
2
What is the ten thousands digit of 1657592687?
9
What is the hundreds digit of 4466176174?
1
What is the billions digit of 4662716575?
4
What is the ten thousands digit of 1508946849?
4
What is the hundred thousands digit of 458496593?
4
What is the hundred thousands digit of 10956891?
9
What is the ten thousands digit of 873795419?
9
What is the thousands digit of 4458482076?
2
What is the units digit of 234088955?
5
What is the millions digit of 16243384?
6
What is the ten thousands digit of 27732983?
3
What is the millions digit of 311637054?
1
What is the ten thousands digit of 23843015?
4
What is the ten millions digit of 6417523589?
1
What is the hundred thousands digit of 141223687?
2
What is the ten millions digit of 5767735150?
6
What is the thousands digit of 56805792?
5
What is the ten thousands digit of 34244248?
4
What is the units digit of 4525517341?
1
What is the hundred thousands digit of 412289935?
2
What is the hundreds digit of 159626559?
5
What is the ten thousands digit of 283406916?
0
What is the thousands digit of 49971344?
1
What is the ten thousands digit of 1748103677?
0
What is the hundred thousands digit of 341568191?
5
What is the hundred millions digit of 2084447854?
0
What is the units digit of 23643637?
7
What is the hundred thousands digit of 29715517?
7
What is the thousands digit of 94512703?
2
What is the millions digit of 182677935?
2
What is the millions digit of 95010372?
5
What is the units digit of 30792031?
1
What is the hundreds digit of 16584060?
0
What is the ten millions digit of 21960944?
2
What is the units digit of 2373400?
0
What is the thousands digit of 149077610?
7
What is the ten thousands digit of 8495773?
9
What is the tens digit of 1591379859?
5
What is the hundreds digit of 986800202?
2
What is the millions digit of 48921624?
8
What is the hundred thousands digit of 746517?
7
What is the millions digit of 20041428?
0
What is the ten thousands digit of 1126448818?
4
What is the thousands digit of 60305471?
5
What is the hundred millions digit of 300819575?
3
What is the hundred millions digit of 242172113?
2
What is the millions digit of 56903483?
6
What is the thousands digit of 81409815?
9
What is the thousands digit of 16999626?
9
What is the hundreds digit of 2872975861?
8
What is the hundreds digit of 1026504585?
5
What is the hundred thousands digit of 321925517?
9
What is the billions digit of 3371876901?
3
What is the billions digit of 1040753434?
1
What is the millions digit of 88067547?
8
What is the hundreds digit of 109821444?
4
What is the hundred millions digit of 2463828230?
4
What is the hundred millions digit of 121563141?
1
What is the millions digit of 28072804?
8
What is the hundred thousands digit of 318071383?
0
What is the tens digit of 138639700?
0
What is the tens digit of 24964002?
0
What is the thousands digit of 5768602103?
2
What is the hundred millions digit of 104911215?
1
What is the ten thousands digit of 3401412926?
1
What is the ten thousands digit of 882299568?
9
What is the thousands digit of 70076924?
6
What is the hundreds digit of 106459358?
3
What is the ten thousands digit of 460558962?
5
What is the hundred millions digit of 296014670?
2
What is the hundred thousands digit of 40694722?
6
What is the units digit of 48692341?
1
What is the hundred thousands digit of 53231868?
2
What is the hundred millions digit of 497221920?
4
What is the hundreds digit of 20092520?
5
What is the millions digit of 153210464?
3
What is the hundreds digit of 1706281280?
2
What is the ten thousands digit of 173439566?
3
What is the hundred thousands digit of 2437224815?
2
What is the hundreds digit of 11594225?
2
What is the hundreds digit of 1515794618?
6
What is the ten millions digit of 2083641870?
8
What is the millions digit of 443342163?
3
What is the millions digit of 126070837?
6
What is the ten thousands digit of 121665523?
6
What is the hundreds digit of 240182850?
8
What is the hundred thousands digit of 135263214?
2
What is the ten millions digit of 43640562?
4
What is the hundreds digit of 383208144?
1
What is the tens digit of 330686751?
5
What is the tens digit of 956209303?
0
What is the millions digit of 204210878?
4
What is the ten millions digit of 31664839?
3
What is the ten thousands digit of 51187503?
8
What is the billions digit of 1006856233?
1
What is the units digit of 57640381?
1
What is the hundred thousands digit of 66983736?
9
What is the thousands digit of 2076257274?
7
What is the thousands digit of 195433871?
3
What is the millions digit of 192862663?
2
What is the hundred millions digit of 616002378?
6
What is the ten thousands digit of 701707567?
0
What is the hundreds digit of 960852364?
3
What is the hundred thousands digit of 312383799?
3
What is the ten millions digit of 1211392331?
1
What is the hundreds digit of 52396084?
0
What is the hundreds digit of 80171835?
8
What is the ten millions digit of 1032006892?
3
What is the ten millions digit of 908415439?
0
What is the tens digit of 849766875?
7
What is the hundreds digit of 1179597709?
7
What is the millions digit of 345982682?
5
What is the tens digit of 1521848612?
1
What is the ten thousands digit of 1417433?
1
What is the thousands digit of 86177928?
7
What is the ten thousands digit of 8422739?
2
What is the tens digit of 2018889496?
9
What is the tens digit of 1215926844?
4
What is the tens digit of 2334199828?
2
What is the ten m